{"id":6129,"date":"2026-04-12T17:38:48","date_gmt":"2026-04-12T17:38:48","guid":{"rendered":"https:\/\/stategridargentina.com.ar\/catalogo\/?post_type=product&#038;p=6129"},"modified":"2026-04-12T18:32:54","modified_gmt":"2026-04-12T18:32:54","slug":"gtin7798424760114","status":"publish","type":"product","link":"https:\/\/stategridargentina.com.ar\/catalogo\/producto\/gtin7798424760114\/","title":{"rendered":"Leche Modificada en Polvo Ni\u00f1os +4 A\u00f1os LECHE VIT 400 g"},"content":{"rendered":"<p>Descripci\u00f3n: LECHE MODIFICADA EN POLVO INSTANT\u00c1NEA PARA NI\u00d1OS A PARTIR DE 4 A\u00d1OS DE EDAD. LIBRE DE GLUTEN LECHE VIT 400,00 GRAMOS (GR)<br data-start=\"235\" data-end=\"238\" \/>Marca: LECHE VIT<br data-start=\"276\" data-end=\"279\" \/>Variedad: PARA NI\u00d1OS A PARTIR DE 4 A\u00d1OS DE EDAD. LIBRE DE GLUTEN<br data-start=\"343\" data-end=\"346\" \/>Contenido Neto: 400<br data-start=\"485\" data-end=\"488\" \/>Unidad de Medida: GRAMOS (GR)<br data-start=\"517\" data-end=\"520\" \/>Sodio: NO<br data-start=\"529\" data-end=\"532\" \/>Az\u00facares: NO<br data-start=\"544\" data-end=\"547\" \/>Grasas saturadas: NO<br data-start=\"567\" data-end=\"570\" \/>Grasas totales: NO<br data-start=\"588\" data-end=\"591\" \/>Calor\u00edas: NO<br data-start=\"603\" data-end=\"606\" \/>Edulcorantes: NO<br data-start=\"622\" data-end=\"625\" \/>Cafe\u00edna: NO<\/p>\n","protected":false},"excerpt":{"rendered":"<p>GTIN: 7798424760114<br data-start=\"98\" data-end=\"101\" data-is-only-node=\"\" \/>Descripci\u00f3n: LECHE MODIFICADA EN POLVO INSTANT\u00c1NEA PARA NI\u00d1OS A PARTIR DE 4 A\u00d1OS DE EDAD. LIBRE DE GLUTEN LECHE VIT 400,00 GRAMOS (GR)<br data-start=\"235\" data-end=\"238\" \/>Marca: LECHE VIT<br data-start=\"276\" data-end=\"279\" \/>Variedad: PARA NI\u00d1OS A PARTIR DE 4 A\u00d1OS DE EDAD. LIBRE DE GLUTEN<br data-start=\"343\" data-end=\"346\" \/>Clasificaci\u00f3n: Leche \/ Bebidas con sustitutos de leche \u2013 no listas para beber (no necesitan refrigeraci\u00f3n) (10000310)<br data-start=\"463\" data-end=\"466\" \/>Contenido Neto: 400<br data-start=\"485\" data-end=\"488\" \/>Unidad de Medida: GRAMOS (GR)<br data-start=\"517\" data-end=\"520\" \/>Sodio: NO<br data-start=\"529\" data-end=\"532\" \/>Az\u00facares: NO<br data-start=\"544\" data-end=\"547\" \/>Grasas saturadas: NO<br data-start=\"567\" data-end=\"570\" \/>Grasas totales: NO<br data-start=\"588\" data-end=\"591\" \/>Calor\u00edas: NO<br data-start=\"603\" data-end=\"606\" \/>Edulcorantes: NO<br data-start=\"622\" data-end=\"625\" \/>Cafe\u00edna: NO<\/p>\n","protected":false},"featured_media":6130,"template":"","meta":{"_joinchat":[]},"product_cat":[239],"product_tag":[],"class_list":{"0":"post-6129","1":"product","2":"type-product","3":"status-publish","4":"has-post-thumbnail","6":"product_cat-leche-bebidas-con-sustitutos-de-leche-no-listas-para-beber-no-necesitan-refrigeracion","8":"first","9":"instock","10":"shipping-taxable","11":"product-type-simple","12":"col-xs-6 col-sm-4","13":"col-md-3 col-lg-3","14":"un-4-cols"},"yoast_head":"<!-- This site is optimized with the Yoast SEO plugin v27.5 - https:\/\/yoast.com\/product\/yoast-seo-wordpress\/ -->\n<title>GTIN:7798424760114 Leche Modificada en Polvo Ni\u00f1os +4 A\u00f1os LECHE VIT 400 g - STATE GRID ARGENTINA - Cat\u00e1logo<\/title>\n<meta name=\"description\" content=\"LECHE MODIFICADA EN POLVO INSTANT\u00c1NEA PARA NI\u00d1OS A PARTIR DE 4 A\u00d1OS DE EDAD. LIBRE DE GLUTEN LECHE VIT 400,00 GRAMOS (GR)\" \/>\n<meta name=\"robots\" content=\"index, follow, max-snippet:-1, max-image-preview:large, max-video-preview:-1\" \/>\n<link rel=\"canonical\" href=\"https:\/\/stategridargentina.com.ar\/catalogo\/producto\/gtin7798424760114\/\" \/>\n<meta property=\"og:locale\" content=\"es_ES\" \/>\n<meta property=\"og:type\" content=\"article\" \/>\n<meta property=\"og:title\" content=\"GTIN:7798424760114 Leche Modificada en Polvo Ni\u00f1os +4 A\u00f1os LECHE VIT 400 g - STATE GRID ARGENTINA - Cat\u00e1logo\" \/>\n<meta property=\"og:description\" content=\"LECHE MODIFICADA EN POLVO INSTANT\u00c1NEA PARA NI\u00d1OS A PARTIR DE 4 A\u00d1OS DE EDAD. LIBRE DE GLUTEN LECHE VIT 400,00 GRAMOS (GR)\" \/>\n<meta property=\"og:url\" content=\"https:\/\/stategridargentina.com.ar\/catalogo\/producto\/gtin7798424760114\/\" \/>\n<meta property=\"og:site_name\" content=\"STATE GRID ARGENTINA - Cat\u00e1logo\" \/>\n<meta property=\"article:modified_time\" content=\"2026-04-12T18:32:54+00:00\" \/>\n<meta property=\"og:image\" content=\"https:\/\/stategridargentina.com.ar\/catalogo\/wp-content\/uploads\/2026\/04\/1-18.jpg\" \/>\n\t<meta property=\"og:image:width\" content=\"1280\" \/>\n\t<meta property=\"og:image:height\" content=\"901\" \/>\n\t<meta property=\"og:image:type\" content=\"image\/jpeg\" \/>\n<meta name=\"twitter:card\" content=\"summary_large_image\" \/>\n<script type=\"application\/ld+json\" class=\"yoast-schema-graph\">{\"@context\":\"https:\\\/\\\/schema.org\",\"@graph\":[{\"@type\":\"WebPage\",\"@id\":\"https:\\\/\\\/stategridargentina.com.ar\\\/catalogo\\\/producto\\\/gtin7798424760114\\\/\",\"url\":\"https:\\\/\\\/stategridargentina.com.ar\\\/catalogo\\\/producto\\\/gtin7798424760114\\\/\",\"name\":\"GTIN:7798424760114 Leche Modificada en Polvo Ni\u00f1os +4 A\u00f1os LECHE VIT 400 g - STATE GRID ARGENTINA - Cat\u00e1logo\",\"isPartOf\":{\"@id\":\"https:\\\/\\\/stategridargentina.com.ar\\\/catalogo\\\/#website\"},\"primaryImageOfPage\":{\"@id\":\"https:\\\/\\\/stategridargentina.com.ar\\\/catalogo\\\/producto\\\/gtin7798424760114\\\/#primaryimage\"},\"image\":{\"@id\":\"https:\\\/\\\/stategridargentina.com.ar\\\/catalogo\\\/producto\\\/gtin7798424760114\\\/#primaryimage\"},\"thumbnailUrl\":\"https:\\\/\\\/stategridargentina.com.ar\\\/catalogo\\\/wp-content\\\/uploads\\\/2026\\\/04\\\/1-18.jpg\",\"datePublished\":\"2026-04-12T17:38:48+00:00\",\"dateModified\":\"2026-04-12T18:32:54+00:00\",\"description\":\"LECHE MODIFICADA EN POLVO INSTANT\u00c1NEA PARA NI\u00d1OS A PARTIR DE 4 A\u00d1OS DE EDAD. LIBRE DE GLUTEN LECHE VIT 400,00 GRAMOS (GR)\",\"breadcrumb\":{\"@id\":\"https:\\\/\\\/stategridargentina.com.ar\\\/catalogo\\\/producto\\\/gtin7798424760114\\\/#breadcrumb\"},\"inLanguage\":\"es\",\"potentialAction\":[{\"@type\":\"ReadAction\",\"target\":[\"https:\\\/\\\/stategridargentina.com.ar\\\/catalogo\\\/producto\\\/gtin7798424760114\\\/\"]}]},{\"@type\":\"ImageObject\",\"inLanguage\":\"es\",\"@id\":\"https:\\\/\\\/stategridargentina.com.ar\\\/catalogo\\\/producto\\\/gtin7798424760114\\\/#primaryimage\",\"url\":\"https:\\\/\\\/stategridargentina.com.ar\\\/catalogo\\\/wp-content\\\/uploads\\\/2026\\\/04\\\/1-18.jpg\",\"contentUrl\":\"https:\\\/\\\/stategridargentina.com.ar\\\/catalogo\\\/wp-content\\\/uploads\\\/2026\\\/04\\\/1-18.jpg\",\"width\":1280,\"height\":901},{\"@type\":\"BreadcrumbList\",\"@id\":\"https:\\\/\\\/stategridargentina.com.ar\\\/catalogo\\\/producto\\\/gtin7798424760114\\\/#breadcrumb\",\"itemListElement\":[{\"@type\":\"ListItem\",\"position\":1,\"name\":\"Portada\",\"item\":\"https:\\\/\\\/stategridargentina.com.ar\\\/catalogo\\\/\"},{\"@type\":\"ListItem\",\"position\":2,\"name\":\"Catalogo\",\"item\":\"https:\\\/\\\/stategridargentina.com.ar\\\/catalogo\\\/\"},{\"@type\":\"ListItem\",\"position\":3,\"name\":\"Leche Modificada en Polvo Ni\u00f1os +4 A\u00f1os LECHE VIT 400 g\"}]},{\"@type\":\"WebSite\",\"@id\":\"https:\\\/\\\/stategridargentina.com.ar\\\/catalogo\\\/#website\",\"url\":\"https:\\\/\\\/stategridargentina.com.ar\\\/catalogo\\\/\",\"name\":\"STATE GRID Catalogo\",\"description\":\"\",\"potentialAction\":[{\"@type\":\"SearchAction\",\"target\":{\"@type\":\"EntryPoint\",\"urlTemplate\":\"https:\\\/\\\/stategridargentina.com.ar\\\/catalogo\\\/?s={search_term_string}\"},\"query-input\":{\"@type\":\"PropertyValueSpecification\",\"valueRequired\":true,\"valueName\":\"search_term_string\"}}],\"inLanguage\":\"es\"}]}<\/script>\n<!-- \/ Yoast SEO plugin. -->","yoast_head_json":{"title":"GTIN:7798424760114 Leche Modificada en Polvo Ni\u00f1os +4 A\u00f1os LECHE VIT 400 g - STATE GRID ARGENTINA - Cat\u00e1logo","description":"LECHE MODIFICADA EN POLVO INSTANT\u00c1NEA PARA NI\u00d1OS A PARTIR DE 4 A\u00d1OS DE EDAD. LIBRE DE GLUTEN LECHE VIT 400,00 GRAMOS (GR)","robots":{"index":"index","follow":"follow","max-snippet":"max-snippet:-1","max-image-preview":"max-image-preview:large","max-video-preview":"max-video-preview:-1"},"canonical":"https:\/\/stategridargentina.com.ar\/catalogo\/producto\/gtin7798424760114\/","og_locale":"es_ES","og_type":"article","og_title":"GTIN:7798424760114 Leche Modificada en Polvo Ni\u00f1os +4 A\u00f1os LECHE VIT 400 g - STATE GRID ARGENTINA - Cat\u00e1logo","og_description":"LECHE MODIFICADA EN POLVO INSTANT\u00c1NEA PARA NI\u00d1OS A PARTIR DE 4 A\u00d1OS DE EDAD. LIBRE DE GLUTEN LECHE VIT 400,00 GRAMOS (GR)","og_url":"https:\/\/stategridargentina.com.ar\/catalogo\/producto\/gtin7798424760114\/","og_site_name":"STATE GRID ARGENTINA - Cat\u00e1logo","article_modified_time":"2026-04-12T18:32:54+00:00","og_image":[{"width":1280,"height":901,"url":"https:\/\/stategridargentina.com.ar\/catalogo\/wp-content\/uploads\/2026\/04\/1-18.jpg","type":"image\/jpeg"}],"twitter_card":"summary_large_image","schema":{"@context":"https:\/\/schema.org","@graph":[{"@type":"WebPage","@id":"https:\/\/stategridargentina.com.ar\/catalogo\/producto\/gtin7798424760114\/","url":"https:\/\/stategridargentina.com.ar\/catalogo\/producto\/gtin7798424760114\/","name":"GTIN:7798424760114 Leche Modificada en Polvo Ni\u00f1os +4 A\u00f1os LECHE VIT 400 g - STATE GRID ARGENTINA - Cat\u00e1logo","isPartOf":{"@id":"https:\/\/stategridargentina.com.ar\/catalogo\/#website"},"primaryImageOfPage":{"@id":"https:\/\/stategridargentina.com.ar\/catalogo\/producto\/gtin7798424760114\/#primaryimage"},"image":{"@id":"https:\/\/stategridargentina.com.ar\/catalogo\/producto\/gtin7798424760114\/#primaryimage"},"thumbnailUrl":"https:\/\/stategridargentina.com.ar\/catalogo\/wp-content\/uploads\/2026\/04\/1-18.jpg","datePublished":"2026-04-12T17:38:48+00:00","dateModified":"2026-04-12T18:32:54+00:00","description":"LECHE MODIFICADA EN POLVO INSTANT\u00c1NEA PARA NI\u00d1OS A PARTIR DE 4 A\u00d1OS DE EDAD. LIBRE DE GLUTEN LECHE VIT 400,00 GRAMOS (GR)","breadcrumb":{"@id":"https:\/\/stategridargentina.com.ar\/catalogo\/producto\/gtin7798424760114\/#breadcrumb"},"inLanguage":"es","potentialAction":[{"@type":"ReadAction","target":["https:\/\/stategridargentina.com.ar\/catalogo\/producto\/gtin7798424760114\/"]}]},{"@type":"ImageObject","inLanguage":"es","@id":"https:\/\/stategridargentina.com.ar\/catalogo\/producto\/gtin7798424760114\/#primaryimage","url":"https:\/\/stategridargentina.com.ar\/catalogo\/wp-content\/uploads\/2026\/04\/1-18.jpg","contentUrl":"https:\/\/stategridargentina.com.ar\/catalogo\/wp-content\/uploads\/2026\/04\/1-18.jpg","width":1280,"height":901},{"@type":"BreadcrumbList","@id":"https:\/\/stategridargentina.com.ar\/catalogo\/producto\/gtin7798424760114\/#breadcrumb","itemListElement":[{"@type":"ListItem","position":1,"name":"Portada","item":"https:\/\/stategridargentina.com.ar\/catalogo\/"},{"@type":"ListItem","position":2,"name":"Catalogo","item":"https:\/\/stategridargentina.com.ar\/catalogo\/"},{"@type":"ListItem","position":3,"name":"Leche Modificada en Polvo Ni\u00f1os +4 A\u00f1os LECHE VIT 400 g"}]},{"@type":"WebSite","@id":"https:\/\/stategridargentina.com.ar\/catalogo\/#website","url":"https:\/\/stategridargentina.com.ar\/catalogo\/","name":"STATE GRID Catalogo","description":"","potentialAction":[{"@type":"SearchAction","target":{"@type":"EntryPoint","urlTemplate":"https:\/\/stategridargentina.com.ar\/catalogo\/?s={search_term_string}"},"query-input":{"@type":"PropertyValueSpecification","valueRequired":true,"valueName":"search_term_string"}}],"inLanguage":"es"}]}},"_links":{"self":[{"href":"https:\/\/stategridargentina.com.ar\/catalogo\/wp-json\/wp\/v2\/product\/6129","targetHints":{"allow":["GET"]}}],"collection":[{"href":"https:\/\/stategridargentina.com.ar\/catalogo\/wp-json\/wp\/v2\/product"}],"about":[{"href":"https:\/\/stategridargentina.com.ar\/catalogo\/wp-json\/wp\/v2\/types\/product"}],"wp:featuredmedia":[{"embeddable":true,"href":"https:\/\/stategridargentina.com.ar\/catalogo\/wp-json\/wp\/v2\/media\/6130"}],"wp:attachment":[{"href":"https:\/\/stategridargentina.com.ar\/catalogo\/wp-json\/wp\/v2\/media?parent=6129"}],"wp:term":[{"taxonomy":"product_cat","embeddable":true,"href":"https:\/\/stategridargentina.com.ar\/catalogo\/wp-json\/wp\/v2\/product_cat?post=6129"},{"taxonomy":"product_tag","embeddable":true,"href":"https:\/\/stategridargentina.com.ar\/catalogo\/wp-json\/wp\/v2\/product_tag?post=6129"}],"curies":[{"name":"wp","href":"https:\/\/api.w.org\/{rel}","templated":true}]}}