{"id":6123,"date":"2026-04-12T17:32:27","date_gmt":"2026-04-12T17:32:27","guid":{"rendered":"https:\/\/stategridargentina.com.ar\/catalogo\/?post_type=product&#038;p=6123"},"modified":"2026-04-14T17:09:52","modified_gmt":"2026-04-14T17:09:52","slug":"gtin7798424760176","status":"publish","type":"product","link":"https:\/\/stategridargentina.com.ar\/catalogo\/producto\/gtin7798424760176\/","title":{"rendered":"Bebida L\u00e1ctea en Polvo Fortificada LECHE VIT 125 g"},"content":{"rendered":"<p>Descripci\u00f3n: POLVO PARA PREPARAR BEBIDA L\u00c1CTEA INSTANT\u00c1NEA FORTIFICADA CON VITAMINAS A Y D. SABOR LECHE. NO ES SUSTITUTO DE LA LECHE LECHE VIT 125,00 GRAMOS (GR)<br data-start=\"258\" data-end=\"261\" \/><br data-start=\"280\" data-end=\"283\" \/>Marca: LECHE VIT<br data-start=\"299\" data-end=\"302\" \/>Variedad: INSTANT\u00c1NEA FORTIFICADA CON VITAMINAS A Y D. SABOR LECHE. NO ES SUSTITUTO DE LA LECHE<br data-start=\"397\" data-end=\"400\" \/>Contenido Neto: 125<br data-start=\"493\" data-end=\"496\" \/>Unidad de Medida: GRAMOS (GR)<br data-start=\"525\" data-end=\"528\" \/>Sodio: NO<br data-start=\"537\" data-end=\"540\" \/>Az\u00facares: NO<br data-start=\"552\" data-end=\"555\" \/>Grasas saturadas: NO<br data-start=\"575\" data-end=\"578\" \/>Grasas totales: NO<br data-start=\"596\" data-end=\"599\" \/>Calor\u00edas: NO<br data-start=\"611\" data-end=\"614\" \/>Edulcorantes: NO<br data-start=\"630\" data-end=\"633\" \/>Cafe\u00edna: NO<\/p>\n","protected":false},"excerpt":{"rendered":"<p>GTIN: 7798424760176<br data-start=\"94\" data-end=\"97\" data-is-only-node=\"\" \/>Descripci\u00f3n: POLVO PARA PREPARAR BEBIDA L\u00c1CTEA INSTANT\u00c1NEA FORTIFICADA CON VITAMINAS A Y D. SABOR LECHE. NO ES SUSTITUTO DE LA LECHE LECHE VIT 125,00 GRAMOS (GR)<br data-start=\"258\" data-end=\"261\" \/>Marca: LECHE VIT<br data-start=\"299\" data-end=\"302\" \/>Variedad: INSTANT\u00c1NEA FORTIFICADA CON VITAMINAS A Y D. SABOR LECHE. NO ES SUSTITUTO DE LA LECHE<br data-start=\"397\" data-end=\"400\" \/>Contenido Neto: 125<br data-start=\"493\" data-end=\"496\" \/>Unidad de Medida: GRAMOS (GR)<br data-start=\"525\" data-end=\"528\" \/>Sodio: NO<br data-start=\"537\" data-end=\"540\" \/>Az\u00facares: NO<br data-start=\"552\" data-end=\"555\" \/>Grasas saturadas: NO<br data-start=\"575\" data-end=\"578\" \/>Grasas totales: NO<br data-start=\"596\" data-end=\"599\" \/>Calor\u00edas: NO<br data-start=\"611\" data-end=\"614\" \/>Edulcorantes: NO<br data-start=\"630\" data-end=\"633\" \/>Cafe\u00edna: NO<\/p>\n","protected":false},"featured_media":6124,"template":"","meta":{"_joinchat":[]},"product_cat":[235],"product_tag":[],"class_list":{"0":"post-6123","1":"product","2":"type-product","3":"status-publish","4":"has-post-thumbnail","6":"product_cat-paquetes-variados-de-alimentos-bebidas-tabaco","8":"first","9":"instock","10":"shipping-taxable","11":"product-type-simple","12":"col-xs-6 col-sm-4","13":"col-md-3 col-lg-3","14":"un-4-cols"},"yoast_head":"<!-- This site is optimized with the Yoast SEO plugin v27.5 - https:\/\/yoast.com\/product\/yoast-seo-wordpress\/ -->\n<title>GTIN:7798424760176 Bebida L\u00e1ctea en Polvo Fortificada LECHE VIT 125 g - STATE GRID<\/title>\n<meta name=\"description\" content=\"POLVO PARA PREPARAR BEBIDA L\u00c1CTEA INSTANT\u00c1NEA FORTIFICADA CON VITAMINAS A Y D. SABOR LECHE. NO ES SUSTITUTO DE LA LECHE LECHE VIT 125,00 GRAMOS (GR)\" \/>\n<meta name=\"robots\" content=\"index, follow, max-snippet:-1, max-image-preview:large, max-video-preview:-1\" \/>\n<link rel=\"canonical\" href=\"https:\/\/stategridargentina.com.ar\/catalogo\/producto\/gtin7798424760176\/\" \/>\n<meta property=\"og:locale\" content=\"es_ES\" \/>\n<meta property=\"og:type\" content=\"article\" \/>\n<meta property=\"og:title\" content=\"GTIN:7798424760176 Bebida L\u00e1ctea en Polvo Fortificada LECHE VIT 125 g - STATE GRID\" \/>\n<meta property=\"og:description\" content=\"POLVO PARA PREPARAR BEBIDA L\u00c1CTEA INSTANT\u00c1NEA FORTIFICADA CON VITAMINAS A Y D. SABOR LECHE. NO ES SUSTITUTO DE LA LECHE LECHE VIT 125,00 GRAMOS (GR)\" \/>\n<meta property=\"og:url\" content=\"https:\/\/stategridargentina.com.ar\/catalogo\/producto\/gtin7798424760176\/\" \/>\n<meta property=\"og:site_name\" content=\"STATE GRID ARGENTINA - Cat\u00e1logo\" \/>\n<meta property=\"article:modified_time\" content=\"2026-04-14T17:09:52+00:00\" \/>\n<meta property=\"og:image\" content=\"https:\/\/stategridargentina.com.ar\/catalogo\/wp-content\/uploads\/2026\/04\/1-16.jpg\" \/>\n\t<meta property=\"og:image:width\" content=\"1218\" \/>\n\t<meta property=\"og:image:height\" content=\"857\" \/>\n\t<meta property=\"og:image:type\" content=\"image\/jpeg\" \/>\n<meta name=\"twitter:card\" content=\"summary_large_image\" \/>\n<script type=\"application\/ld+json\" class=\"yoast-schema-graph\">{\"@context\":\"https:\\\/\\\/schema.org\",\"@graph\":[{\"@type\":\"WebPage\",\"@id\":\"https:\\\/\\\/stategridargentina.com.ar\\\/catalogo\\\/producto\\\/gtin7798424760176\\\/\",\"url\":\"https:\\\/\\\/stategridargentina.com.ar\\\/catalogo\\\/producto\\\/gtin7798424760176\\\/\",\"name\":\"GTIN:7798424760176 Bebida L\u00e1ctea en Polvo Fortificada LECHE VIT 125 g - STATE GRID\",\"isPartOf\":{\"@id\":\"https:\\\/\\\/stategridargentina.com.ar\\\/catalogo\\\/#website\"},\"primaryImageOfPage\":{\"@id\":\"https:\\\/\\\/stategridargentina.com.ar\\\/catalogo\\\/producto\\\/gtin7798424760176\\\/#primaryimage\"},\"image\":{\"@id\":\"https:\\\/\\\/stategridargentina.com.ar\\\/catalogo\\\/producto\\\/gtin7798424760176\\\/#primaryimage\"},\"thumbnailUrl\":\"https:\\\/\\\/stategridargentina.com.ar\\\/catalogo\\\/wp-content\\\/uploads\\\/2026\\\/04\\\/1-16.jpg\",\"datePublished\":\"2026-04-12T17:32:27+00:00\",\"dateModified\":\"2026-04-14T17:09:52+00:00\",\"description\":\"POLVO PARA PREPARAR BEBIDA L\u00c1CTEA INSTANT\u00c1NEA FORTIFICADA CON VITAMINAS A Y D. SABOR LECHE. NO ES SUSTITUTO DE LA LECHE LECHE VIT 125,00 GRAMOS (GR)\",\"breadcrumb\":{\"@id\":\"https:\\\/\\\/stategridargentina.com.ar\\\/catalogo\\\/producto\\\/gtin7798424760176\\\/#breadcrumb\"},\"inLanguage\":\"es\",\"potentialAction\":[{\"@type\":\"ReadAction\",\"target\":[\"https:\\\/\\\/stategridargentina.com.ar\\\/catalogo\\\/producto\\\/gtin7798424760176\\\/\"]}]},{\"@type\":\"ImageObject\",\"inLanguage\":\"es\",\"@id\":\"https:\\\/\\\/stategridargentina.com.ar\\\/catalogo\\\/producto\\\/gtin7798424760176\\\/#primaryimage\",\"url\":\"https:\\\/\\\/stategridargentina.com.ar\\\/catalogo\\\/wp-content\\\/uploads\\\/2026\\\/04\\\/1-16.jpg\",\"contentUrl\":\"https:\\\/\\\/stategridargentina.com.ar\\\/catalogo\\\/wp-content\\\/uploads\\\/2026\\\/04\\\/1-16.jpg\",\"width\":1218,\"height\":857},{\"@type\":\"BreadcrumbList\",\"@id\":\"https:\\\/\\\/stategridargentina.com.ar\\\/catalogo\\\/producto\\\/gtin7798424760176\\\/#breadcrumb\",\"itemListElement\":[{\"@type\":\"ListItem\",\"position\":1,\"name\":\"Portada\",\"item\":\"https:\\\/\\\/stategridargentina.com.ar\\\/catalogo\\\/\"},{\"@type\":\"ListItem\",\"position\":2,\"name\":\"Catalogo\",\"item\":\"https:\\\/\\\/stategridargentina.com.ar\\\/catalogo\\\/\"},{\"@type\":\"ListItem\",\"position\":3,\"name\":\"Bebida L\u00e1ctea en Polvo Fortificada LECHE VIT 125 g\"}]},{\"@type\":\"WebSite\",\"@id\":\"https:\\\/\\\/stategridargentina.com.ar\\\/catalogo\\\/#website\",\"url\":\"https:\\\/\\\/stategridargentina.com.ar\\\/catalogo\\\/\",\"name\":\"STATE GRID Catalogo\",\"description\":\"\",\"potentialAction\":[{\"@type\":\"SearchAction\",\"target\":{\"@type\":\"EntryPoint\",\"urlTemplate\":\"https:\\\/\\\/stategridargentina.com.ar\\\/catalogo\\\/?s={search_term_string}\"},\"query-input\":{\"@type\":\"PropertyValueSpecification\",\"valueRequired\":true,\"valueName\":\"search_term_string\"}}],\"inLanguage\":\"es\"}]}<\/script>\n<!-- \/ Yoast SEO plugin. -->","yoast_head_json":{"title":"GTIN:7798424760176 Bebida L\u00e1ctea en Polvo Fortificada LECHE VIT 125 g - STATE GRID","description":"POLVO PARA PREPARAR BEBIDA L\u00c1CTEA INSTANT\u00c1NEA FORTIFICADA CON VITAMINAS A Y D. SABOR LECHE. NO ES SUSTITUTO DE LA LECHE LECHE VIT 125,00 GRAMOS (GR)","robots":{"index":"index","follow":"follow","max-snippet":"max-snippet:-1","max-image-preview":"max-image-preview:large","max-video-preview":"max-video-preview:-1"},"canonical":"https:\/\/stategridargentina.com.ar\/catalogo\/producto\/gtin7798424760176\/","og_locale":"es_ES","og_type":"article","og_title":"GTIN:7798424760176 Bebida L\u00e1ctea en Polvo Fortificada LECHE VIT 125 g - STATE GRID","og_description":"POLVO PARA PREPARAR BEBIDA L\u00c1CTEA INSTANT\u00c1NEA FORTIFICADA CON VITAMINAS A Y D. SABOR LECHE. NO ES SUSTITUTO DE LA LECHE LECHE VIT 125,00 GRAMOS (GR)","og_url":"https:\/\/stategridargentina.com.ar\/catalogo\/producto\/gtin7798424760176\/","og_site_name":"STATE GRID ARGENTINA - Cat\u00e1logo","article_modified_time":"2026-04-14T17:09:52+00:00","og_image":[{"width":1218,"height":857,"url":"https:\/\/stategridargentina.com.ar\/catalogo\/wp-content\/uploads\/2026\/04\/1-16.jpg","type":"image\/jpeg"}],"twitter_card":"summary_large_image","schema":{"@context":"https:\/\/schema.org","@graph":[{"@type":"WebPage","@id":"https:\/\/stategridargentina.com.ar\/catalogo\/producto\/gtin7798424760176\/","url":"https:\/\/stategridargentina.com.ar\/catalogo\/producto\/gtin7798424760176\/","name":"GTIN:7798424760176 Bebida L\u00e1ctea en Polvo Fortificada LECHE VIT 125 g - STATE GRID","isPartOf":{"@id":"https:\/\/stategridargentina.com.ar\/catalogo\/#website"},"primaryImageOfPage":{"@id":"https:\/\/stategridargentina.com.ar\/catalogo\/producto\/gtin7798424760176\/#primaryimage"},"image":{"@id":"https:\/\/stategridargentina.com.ar\/catalogo\/producto\/gtin7798424760176\/#primaryimage"},"thumbnailUrl":"https:\/\/stategridargentina.com.ar\/catalogo\/wp-content\/uploads\/2026\/04\/1-16.jpg","datePublished":"2026-04-12T17:32:27+00:00","dateModified":"2026-04-14T17:09:52+00:00","description":"POLVO PARA PREPARAR BEBIDA L\u00c1CTEA INSTANT\u00c1NEA FORTIFICADA CON VITAMINAS A Y D. SABOR LECHE. NO ES SUSTITUTO DE LA LECHE LECHE VIT 125,00 GRAMOS (GR)","breadcrumb":{"@id":"https:\/\/stategridargentina.com.ar\/catalogo\/producto\/gtin7798424760176\/#breadcrumb"},"inLanguage":"es","potentialAction":[{"@type":"ReadAction","target":["https:\/\/stategridargentina.com.ar\/catalogo\/producto\/gtin7798424760176\/"]}]},{"@type":"ImageObject","inLanguage":"es","@id":"https:\/\/stategridargentina.com.ar\/catalogo\/producto\/gtin7798424760176\/#primaryimage","url":"https:\/\/stategridargentina.com.ar\/catalogo\/wp-content\/uploads\/2026\/04\/1-16.jpg","contentUrl":"https:\/\/stategridargentina.com.ar\/catalogo\/wp-content\/uploads\/2026\/04\/1-16.jpg","width":1218,"height":857},{"@type":"BreadcrumbList","@id":"https:\/\/stategridargentina.com.ar\/catalogo\/producto\/gtin7798424760176\/#breadcrumb","itemListElement":[{"@type":"ListItem","position":1,"name":"Portada","item":"https:\/\/stategridargentina.com.ar\/catalogo\/"},{"@type":"ListItem","position":2,"name":"Catalogo","item":"https:\/\/stategridargentina.com.ar\/catalogo\/"},{"@type":"ListItem","position":3,"name":"Bebida L\u00e1ctea en Polvo Fortificada LECHE VIT 125 g"}]},{"@type":"WebSite","@id":"https:\/\/stategridargentina.com.ar\/catalogo\/#website","url":"https:\/\/stategridargentina.com.ar\/catalogo\/","name":"STATE GRID Catalogo","description":"","potentialAction":[{"@type":"SearchAction","target":{"@type":"EntryPoint","urlTemplate":"https:\/\/stategridargentina.com.ar\/catalogo\/?s={search_term_string}"},"query-input":{"@type":"PropertyValueSpecification","valueRequired":true,"valueName":"search_term_string"}}],"inLanguage":"es"}]}},"_links":{"self":[{"href":"https:\/\/stategridargentina.com.ar\/catalogo\/wp-json\/wp\/v2\/product\/6123","targetHints":{"allow":["GET"]}}],"collection":[{"href":"https:\/\/stategridargentina.com.ar\/catalogo\/wp-json\/wp\/v2\/product"}],"about":[{"href":"https:\/\/stategridargentina.com.ar\/catalogo\/wp-json\/wp\/v2\/types\/product"}],"wp:featuredmedia":[{"embeddable":true,"href":"https:\/\/stategridargentina.com.ar\/catalogo\/wp-json\/wp\/v2\/media\/6124"}],"wp:attachment":[{"href":"https:\/\/stategridargentina.com.ar\/catalogo\/wp-json\/wp\/v2\/media?parent=6123"}],"wp:term":[{"taxonomy":"product_cat","embeddable":true,"href":"https:\/\/stategridargentina.com.ar\/catalogo\/wp-json\/wp\/v2\/product_cat?post=6123"},{"taxonomy":"product_tag","embeddable":true,"href":"https:\/\/stategridargentina.com.ar\/catalogo\/wp-json\/wp\/v2\/product_tag?post=6123"}],"curies":[{"name":"wp","href":"https:\/\/api.w.org\/{rel}","templated":true}]}}