{"id":5885,"date":"2025-03-28T12:38:09","date_gmt":"2025-03-28T12:38:09","guid":{"rendered":"https:\/\/stategridargentina.com.ar\/catalogo\/?post_type=product&#038;p=5885"},"modified":"2025-03-28T12:38:10","modified_gmt":"2025-03-28T12:38:10","slug":"yogur-batido-natural-sin-endulzar-ser-175-gr","status":"publish","type":"product","link":"https:\/\/stategridargentina.com.ar\/catalogo\/producto\/yogur-batido-natural-sin-endulzar-ser-175-gr\/","title":{"rendered":"Yogur Batido Natural Sin Endulzar Ser 175 Gr"},"content":{"rendered":"<p>Descubr\u00ed el yogur que te permite ser creativo en la cocina. Con un sabor natural y sin endulzar, este yogur batido es ideal para quienes buscan una opci\u00f3n vers\u00e1til y saludable que se adapta a tu estilo de vida.<\/p>\n<h3>Porque elegir el Yogur Batido Natural Sin Endulzar Ser 175 Gr<\/h3>\n<ul>\n<li>Yogur cremoso y delicioso, perfecto para mezclar y crear<\/li>\n<li>Sin endulzar, ideal para quienes buscan un sabor aut\u00e9ntico<\/li>\n<li>Fortificado con probi\u00f3ticos y vitaminas A, B3, D, E y \u00e1cido f\u00f3lico<\/li>\n<li>Libre de gluten y sin TACC, apto para todos Incorpor\u00e1 este yogur a tu dieta y disfrut\u00e1 de sus m\u00faltiples beneficios.Compralo ahora con env\u00edo a domicilio o retiro en tienda.<\/li>\n<\/ul>\n","protected":false},"excerpt":{"rendered":"<p>Descubr\u00ed el yogur que te permite ser creativo en la cocina. Con un sabor natural y sin endulzar, este yogur batido es ideal para quienes buscan una opci\u00f3n vers\u00e1til y saludable que se adapta a tu estilo de vida.<\/p>\n<h3>Porque elegir el Yogur Batido Natural Sin Endulzar Ser 175 Gr<\/h3>\n<ul>\n<li>Yogur cremoso y delicioso, perfecto para mezclar y crear<\/li>\n<li>Sin endulzar, ideal para quienes buscan un sabor aut\u00e9ntico<\/li>\n<li>Fortificado con probi\u00f3ticos y vitaminas A, B3, D, E y \u00e1cido f\u00f3lico<\/li>\n<li>Libre de gluten y sin TACC, apto para todos Incorpor\u00e1 este yogur a tu dieta y disfrut\u00e1 de sus m\u00faltiples beneficios.Compralo ahora con env\u00edo a domicilio o retiro en tienda.<\/li>\n<\/ul>\n","protected":false},"featured_media":5861,"template":"","meta":{"_joinchat":[]},"product_cat":[233],"product_tag":[],"class_list":{"0":"post-5885","1":"product","2":"type-product","3":"status-publish","4":"has-post-thumbnail","6":"product_cat-yogur","8":"first","9":"instock","10":"shipping-taxable","11":"product-type-simple","12":"col-xs-6 col-sm-4","13":"col-md-3 col-lg-3","14":"un-4-cols"},"yoast_head":"<!-- This site is optimized with the Yoast SEO plugin v27.5 - https:\/\/yoast.com\/product\/yoast-seo-wordpress\/ -->\n<title>Yogur Batido Natural Sin Endulzar Ser 175 Gr - STATE GRID ARGENTINA - Cat\u00e1logo<\/title>\n<meta name=\"robots\" content=\"index, follow, max-snippet:-1, max-image-preview:large, max-video-preview:-1\" \/>\n<link rel=\"canonical\" href=\"https:\/\/stategridargentina.com.ar\/catalogo\/producto\/yogur-batido-natural-sin-endulzar-ser-175-gr\/\" \/>\n<meta property=\"og:locale\" content=\"es_ES\" \/>\n<meta property=\"og:type\" content=\"article\" \/>\n<meta property=\"og:title\" content=\"Yogur Batido Natural Sin Endulzar Ser 175 Gr - STATE GRID ARGENTINA - Cat\u00e1logo\" \/>\n<meta property=\"og:description\" content=\"Descubr\u00ed el yogur que te permite ser creativo en la cocina. Con un sabor natural y sin endulzar, este yogur batido es ideal para quienes buscan una opci\u00f3n vers\u00e1til y saludable que se adapta a tu estilo de vida. Porque elegir el Yogur Batido Natural Sin Endulzar Ser 175 Gr   Yogur cremoso y delicioso, perfecto para mezclar y crear  Sin endulzar, ideal para quienes buscan un sabor aut\u00e9ntico  Fortificado con probi\u00f3ticos y vitaminas A, B3, D, E y \u00e1cido f\u00f3lico  Libre de gluten y sin TACC, apto para todos Incorpor\u00e1 este yogur a tu dieta y disfrut\u00e1 de sus m\u00faltiples beneficios.Compralo ahora con env\u00edo a domicilio o retiro en tienda.\" \/>\n<meta property=\"og:url\" content=\"https:\/\/stategridargentina.com.ar\/catalogo\/producto\/yogur-batido-natural-sin-endulzar-ser-175-gr\/\" \/>\n<meta property=\"og:site_name\" content=\"STATE GRID ARGENTINA - Cat\u00e1logo\" \/>\n<meta property=\"article:modified_time\" content=\"2025-03-28T12:38:10+00:00\" \/>\n<meta property=\"og:image\" content=\"https:\/\/stategridargentina.com.ar\/catalogo\/wp-content\/uploads\/2025\/03\/6-9.webp\" \/>\n\t<meta property=\"og:image:width\" content=\"1000\" \/>\n\t<meta property=\"og:image:height\" content=\"1000\" \/>\n\t<meta property=\"og:image:type\" content=\"image\/webp\" \/>\n<meta name=\"twitter:card\" content=\"summary_large_image\" \/>\n<meta name=\"twitter:label1\" content=\"Tiempo de lectura\" \/>\n\t<meta name=\"twitter:data1\" content=\"1 minuto\" \/>\n<script type=\"application\/ld+json\" class=\"yoast-schema-graph\">{\"@context\":\"https:\\\/\\\/schema.org\",\"@graph\":[{\"@type\":\"WebPage\",\"@id\":\"https:\\\/\\\/stategridargentina.com.ar\\\/catalogo\\\/producto\\\/yogur-batido-natural-sin-endulzar-ser-175-gr\\\/\",\"url\":\"https:\\\/\\\/stategridargentina.com.ar\\\/catalogo\\\/producto\\\/yogur-batido-natural-sin-endulzar-ser-175-gr\\\/\",\"name\":\"Yogur Batido Natural Sin Endulzar Ser 175 Gr - STATE GRID ARGENTINA - Cat\u00e1logo\",\"isPartOf\":{\"@id\":\"https:\\\/\\\/stategridargentina.com.ar\\\/catalogo\\\/#website\"},\"primaryImageOfPage\":{\"@id\":\"https:\\\/\\\/stategridargentina.com.ar\\\/catalogo\\\/producto\\\/yogur-batido-natural-sin-endulzar-ser-175-gr\\\/#primaryimage\"},\"image\":{\"@id\":\"https:\\\/\\\/stategridargentina.com.ar\\\/catalogo\\\/producto\\\/yogur-batido-natural-sin-endulzar-ser-175-gr\\\/#primaryimage\"},\"thumbnailUrl\":\"https:\\\/\\\/stategridargentina.com.ar\\\/catalogo\\\/wp-content\\\/uploads\\\/2025\\\/03\\\/6-9.webp\",\"datePublished\":\"2025-03-28T12:38:09+00:00\",\"dateModified\":\"2025-03-28T12:38:10+00:00\",\"breadcrumb\":{\"@id\":\"https:\\\/\\\/stategridargentina.com.ar\\\/catalogo\\\/producto\\\/yogur-batido-natural-sin-endulzar-ser-175-gr\\\/#breadcrumb\"},\"inLanguage\":\"es\",\"potentialAction\":[{\"@type\":\"ReadAction\",\"target\":[\"https:\\\/\\\/stategridargentina.com.ar\\\/catalogo\\\/producto\\\/yogur-batido-natural-sin-endulzar-ser-175-gr\\\/\"]}]},{\"@type\":\"ImageObject\",\"inLanguage\":\"es\",\"@id\":\"https:\\\/\\\/stategridargentina.com.ar\\\/catalogo\\\/producto\\\/yogur-batido-natural-sin-endulzar-ser-175-gr\\\/#primaryimage\",\"url\":\"https:\\\/\\\/stategridargentina.com.ar\\\/catalogo\\\/wp-content\\\/uploads\\\/2025\\\/03\\\/6-9.webp\",\"contentUrl\":\"https:\\\/\\\/stategridargentina.com.ar\\\/catalogo\\\/wp-content\\\/uploads\\\/2025\\\/03\\\/6-9.webp\",\"width\":1000,\"height\":1000,\"caption\":\"Yogur Batido Natural Sin Endulzar Ser 175 Gr\"},{\"@type\":\"BreadcrumbList\",\"@id\":\"https:\\\/\\\/stategridargentina.com.ar\\\/catalogo\\\/producto\\\/yogur-batido-natural-sin-endulzar-ser-175-gr\\\/#breadcrumb\",\"itemListElement\":[{\"@type\":\"ListItem\",\"position\":1,\"name\":\"Portada\",\"item\":\"https:\\\/\\\/stategridargentina.com.ar\\\/catalogo\\\/\"},{\"@type\":\"ListItem\",\"position\":2,\"name\":\"Catalogo\",\"item\":\"https:\\\/\\\/stategridargentina.com.ar\\\/catalogo\\\/\"},{\"@type\":\"ListItem\",\"position\":3,\"name\":\"Yogur Batido Natural Sin Endulzar Ser 175 Gr\"}]},{\"@type\":\"WebSite\",\"@id\":\"https:\\\/\\\/stategridargentina.com.ar\\\/catalogo\\\/#website\",\"url\":\"https:\\\/\\\/stategridargentina.com.ar\\\/catalogo\\\/\",\"name\":\"STATE GRID Catalogo\",\"description\":\"\",\"potentialAction\":[{\"@type\":\"SearchAction\",\"target\":{\"@type\":\"EntryPoint\",\"urlTemplate\":\"https:\\\/\\\/stategridargentina.com.ar\\\/catalogo\\\/?s={search_term_string}\"},\"query-input\":{\"@type\":\"PropertyValueSpecification\",\"valueRequired\":true,\"valueName\":\"search_term_string\"}}],\"inLanguage\":\"es\"}]}<\/script>\n<!-- \/ Yoast SEO plugin. -->","yoast_head_json":{"title":"Yogur Batido Natural Sin Endulzar Ser 175 Gr - STATE GRID ARGENTINA - Cat\u00e1logo","robots":{"index":"index","follow":"follow","max-snippet":"max-snippet:-1","max-image-preview":"max-image-preview:large","max-video-preview":"max-video-preview:-1"},"canonical":"https:\/\/stategridargentina.com.ar\/catalogo\/producto\/yogur-batido-natural-sin-endulzar-ser-175-gr\/","og_locale":"es_ES","og_type":"article","og_title":"Yogur Batido Natural Sin Endulzar Ser 175 Gr - STATE GRID ARGENTINA - Cat\u00e1logo","og_description":"Descubr\u00ed el yogur que te permite ser creativo en la cocina. Con un sabor natural y sin endulzar, este yogur batido es ideal para quienes buscan una opci\u00f3n vers\u00e1til y saludable que se adapta a tu estilo de vida. Porque elegir el Yogur Batido Natural Sin Endulzar Ser 175 Gr   Yogur cremoso y delicioso, perfecto para mezclar y crear  Sin endulzar, ideal para quienes buscan un sabor aut\u00e9ntico  Fortificado con probi\u00f3ticos y vitaminas A, B3, D, E y \u00e1cido f\u00f3lico  Libre de gluten y sin TACC, apto para todos Incorpor\u00e1 este yogur a tu dieta y disfrut\u00e1 de sus m\u00faltiples beneficios.Compralo ahora con env\u00edo a domicilio o retiro en tienda.","og_url":"https:\/\/stategridargentina.com.ar\/catalogo\/producto\/yogur-batido-natural-sin-endulzar-ser-175-gr\/","og_site_name":"STATE GRID ARGENTINA - Cat\u00e1logo","article_modified_time":"2025-03-28T12:38:10+00:00","og_image":[{"width":1000,"height":1000,"url":"https:\/\/stategridargentina.com.ar\/catalogo\/wp-content\/uploads\/2025\/03\/6-9.webp","type":"image\/webp"}],"twitter_card":"summary_large_image","twitter_misc":{"Tiempo de lectura":"1 minuto"},"schema":{"@context":"https:\/\/schema.org","@graph":[{"@type":"WebPage","@id":"https:\/\/stategridargentina.com.ar\/catalogo\/producto\/yogur-batido-natural-sin-endulzar-ser-175-gr\/","url":"https:\/\/stategridargentina.com.ar\/catalogo\/producto\/yogur-batido-natural-sin-endulzar-ser-175-gr\/","name":"Yogur Batido Natural Sin Endulzar Ser 175 Gr - STATE GRID ARGENTINA - Cat\u00e1logo","isPartOf":{"@id":"https:\/\/stategridargentina.com.ar\/catalogo\/#website"},"primaryImageOfPage":{"@id":"https:\/\/stategridargentina.com.ar\/catalogo\/producto\/yogur-batido-natural-sin-endulzar-ser-175-gr\/#primaryimage"},"image":{"@id":"https:\/\/stategridargentina.com.ar\/catalogo\/producto\/yogur-batido-natural-sin-endulzar-ser-175-gr\/#primaryimage"},"thumbnailUrl":"https:\/\/stategridargentina.com.ar\/catalogo\/wp-content\/uploads\/2025\/03\/6-9.webp","datePublished":"2025-03-28T12:38:09+00:00","dateModified":"2025-03-28T12:38:10+00:00","breadcrumb":{"@id":"https:\/\/stategridargentina.com.ar\/catalogo\/producto\/yogur-batido-natural-sin-endulzar-ser-175-gr\/#breadcrumb"},"inLanguage":"es","potentialAction":[{"@type":"ReadAction","target":["https:\/\/stategridargentina.com.ar\/catalogo\/producto\/yogur-batido-natural-sin-endulzar-ser-175-gr\/"]}]},{"@type":"ImageObject","inLanguage":"es","@id":"https:\/\/stategridargentina.com.ar\/catalogo\/producto\/yogur-batido-natural-sin-endulzar-ser-175-gr\/#primaryimage","url":"https:\/\/stategridargentina.com.ar\/catalogo\/wp-content\/uploads\/2025\/03\/6-9.webp","contentUrl":"https:\/\/stategridargentina.com.ar\/catalogo\/wp-content\/uploads\/2025\/03\/6-9.webp","width":1000,"height":1000,"caption":"Yogur Batido Natural Sin Endulzar Ser 175 Gr"},{"@type":"BreadcrumbList","@id":"https:\/\/stategridargentina.com.ar\/catalogo\/producto\/yogur-batido-natural-sin-endulzar-ser-175-gr\/#breadcrumb","itemListElement":[{"@type":"ListItem","position":1,"name":"Portada","item":"https:\/\/stategridargentina.com.ar\/catalogo\/"},{"@type":"ListItem","position":2,"name":"Catalogo","item":"https:\/\/stategridargentina.com.ar\/catalogo\/"},{"@type":"ListItem","position":3,"name":"Yogur Batido Natural Sin Endulzar Ser 175 Gr"}]},{"@type":"WebSite","@id":"https:\/\/stategridargentina.com.ar\/catalogo\/#website","url":"https:\/\/stategridargentina.com.ar\/catalogo\/","name":"STATE GRID Catalogo","description":"","potentialAction":[{"@type":"SearchAction","target":{"@type":"EntryPoint","urlTemplate":"https:\/\/stategridargentina.com.ar\/catalogo\/?s={search_term_string}"},"query-input":{"@type":"PropertyValueSpecification","valueRequired":true,"valueName":"search_term_string"}}],"inLanguage":"es"}]}},"_links":{"self":[{"href":"https:\/\/stategridargentina.com.ar\/catalogo\/wp-json\/wp\/v2\/product\/5885","targetHints":{"allow":["GET"]}}],"collection":[{"href":"https:\/\/stategridargentina.com.ar\/catalogo\/wp-json\/wp\/v2\/product"}],"about":[{"href":"https:\/\/stategridargentina.com.ar\/catalogo\/wp-json\/wp\/v2\/types\/product"}],"wp:featuredmedia":[{"embeddable":true,"href":"https:\/\/stategridargentina.com.ar\/catalogo\/wp-json\/wp\/v2\/media\/5861"}],"wp:attachment":[{"href":"https:\/\/stategridargentina.com.ar\/catalogo\/wp-json\/wp\/v2\/media?parent=5885"}],"wp:term":[{"taxonomy":"product_cat","embeddable":true,"href":"https:\/\/stategridargentina.com.ar\/catalogo\/wp-json\/wp\/v2\/product_cat?post=5885"},{"taxonomy":"product_tag","embeddable":true,"href":"https:\/\/stategridargentina.com.ar\/catalogo\/wp-json\/wp\/v2\/product_tag?post=5885"}],"curies":[{"name":"wp","href":"https:\/\/api.w.org\/{rel}","templated":true}]}}