{"id":5822,"date":"2025-03-28T12:06:49","date_gmt":"2025-03-28T12:06:49","guid":{"rendered":"https:\/\/stategridargentina.com.ar\/catalogo\/?post_type=product&#038;p=5822"},"modified":"2025-03-28T12:06:49","modified_gmt":"2025-03-28T12:06:49","slug":"galletitas-cracker-cereal-clasicas-cerealitas-3-u-636-gr","status":"publish","type":"product","link":"https:\/\/stategridargentina.com.ar\/catalogo\/producto\/galletitas-cracker-cereal-clasicas-cerealitas-3-u-636-gr\/","title":{"rendered":"Galletitas Cracker Cereal Cl\u00e1sicas Cerealitas 3 U &#8211; 636 Gr"},"content":{"rendered":"<article>\n<article>Galletitas saladas tipo crackers de salvado Cerealitas Cl\u00e1sicas. Las galletitas saladas ideales para untar tipo tostadas de salvado, con lo que m\u00e1s te guste: queso, mermelada, dulce o alg\u00fan rico dip con lo que tengas en casa. Prob\u00e1 las recetas m\u00e1s divertidas con tus galletitas de salvado CEREALITAS y acompa\u00f1\u00e1 tus comidas con la dosis de fibra que tu cuerpo necesita. Las cl\u00e1sicas Cerealitas de Salvado en sus distintas presentaciones para que no falten en tu alacena.<\/p>\n<\/article>\n<\/article>\n<div>\n<div class=\"v-c_descripcion_subtitle\">Ingredientes<\/div>\n<article>Harina de trigo enriquecida, hierro, \u00e1cido f\u00f3lico, vitamina b1, vitamina b2, niacina, harina integral, aceite vegetal, jarabe de ma\u00edz de alta fructosa, sal, levadura, mejorador de la harina metabisulfito de sodio, derivados de trigo<\/article>\n<\/div>\n","protected":false},"excerpt":{"rendered":"<article>\n<article>Galletitas saladas tipo crackers de salvado Cerealitas Cl\u00e1sicas. Las galletitas saladas ideales para untar tipo tostadas de salvado, con lo que m\u00e1s te guste: queso, mermelada, dulce o alg\u00fan rico dip con lo que tengas en casa. Prob\u00e1 las recetas m\u00e1s divertidas con tus galletitas de salvado CEREALITAS y acompa\u00f1\u00e1 tus comidas con la dosis de fibra que tu cuerpo necesita. Las cl\u00e1sicas Cerealitas de Salvado en sus distintas presentaciones para que no falten en tu alacena.<\/p>\n<\/article>\n<\/article>\n<div>\n<div class=\"v-c_descripcion_subtitle\">Ingredientes<\/div>\n<article>Harina de trigo enriquecida, hierro, \u00e1cido f\u00f3lico, vitamina b1, vitamina b2, niacina, harina integral, aceite vegetal, jarabe de ma\u00edz de alta fructosa, sal, levadura, mejorador de la harina metabisulfito de sodio, derivados de trigo<\/article>\n<\/div>\n","protected":false},"featured_media":5800,"template":"","meta":{"_joinchat":[]},"product_cat":[232],"product_tag":[],"class_list":{"0":"post-5822","1":"product","2":"type-product","3":"status-publish","4":"has-post-thumbnail","6":"product_cat-galletitas-saladas","8":"first","9":"instock","10":"shipping-taxable","11":"product-type-simple","12":"col-xs-6 col-sm-4","13":"col-md-3 col-lg-3","14":"un-4-cols"},"yoast_head":"<!-- This site is optimized with the Yoast SEO plugin v27.5 - https:\/\/yoast.com\/product\/yoast-seo-wordpress\/ -->\n<title>Galletitas Cracker Cereal Cl\u00e1sicas Cerealitas 3 U - 636 Gr - STATE GRID ARGENTINA - Cat\u00e1logo<\/title>\n<meta name=\"robots\" content=\"index, follow, max-snippet:-1, max-image-preview:large, max-video-preview:-1\" \/>\n<link rel=\"canonical\" href=\"https:\/\/stategridargentina.com.ar\/catalogo\/producto\/galletitas-cracker-cereal-clasicas-cerealitas-3-u-636-gr\/\" \/>\n<meta property=\"og:locale\" content=\"es_ES\" \/>\n<meta property=\"og:type\" content=\"article\" \/>\n<meta property=\"og:title\" content=\"Galletitas Cracker Cereal Cl\u00e1sicas Cerealitas 3 U - 636 Gr - STATE GRID ARGENTINA - Cat\u00e1logo\" \/>\n<meta property=\"og:description\" content=\"Galletitas saladas tipo crackers de salvado Cerealitas Cl\u00e1sicas. Las galletitas saladas ideales para untar tipo tostadas de salvado, con lo que m\u00e1s te guste: queso, mermelada, dulce o alg\u00fan rico dip con lo que tengas en casa. Prob\u00e1 las recetas m\u00e1s divertidas con tus galletitas de salvado CEREALITAS y acompa\u00f1\u00e1 tus comidas con la dosis de fibra que tu cuerpo necesita. Las cl\u00e1sicas Cerealitas de Salvado en sus distintas presentaciones para que no falten en tu alacena.    Ingredientes Harina de trigo enriquecida, hierro, \u00e1cido f\u00f3lico, vitamina b1, vitamina b2, niacina, harina integral, aceite vegetal, jarabe de ma\u00edz de alta fructosa, sal, levadura, mejorador de la harina metabisulfito de sodio, derivados de trigo\" \/>\n<meta property=\"og:url\" content=\"https:\/\/stategridargentina.com.ar\/catalogo\/producto\/galletitas-cracker-cereal-clasicas-cerealitas-3-u-636-gr\/\" \/>\n<meta property=\"og:site_name\" content=\"STATE GRID ARGENTINA - Cat\u00e1logo\" \/>\n<meta property=\"og:image\" content=\"https:\/\/stategridargentina.com.ar\/catalogo\/wp-content\/uploads\/2025\/03\/3-8.webp\" \/>\n\t<meta property=\"og:image:width\" content=\"1000\" \/>\n\t<meta property=\"og:image:height\" content=\"1000\" \/>\n\t<meta property=\"og:image:type\" content=\"image\/webp\" \/>\n<meta name=\"twitter:card\" content=\"summary_large_image\" \/>\n<meta name=\"twitter:label1\" content=\"Tiempo de lectura\" \/>\n\t<meta name=\"twitter:data1\" content=\"1 minuto\" \/>\n<script type=\"application\/ld+json\" class=\"yoast-schema-graph\">{\"@context\":\"https:\\\/\\\/schema.org\",\"@graph\":[{\"@type\":\"WebPage\",\"@id\":\"https:\\\/\\\/stategridargentina.com.ar\\\/catalogo\\\/producto\\\/galletitas-cracker-cereal-clasicas-cerealitas-3-u-636-gr\\\/\",\"url\":\"https:\\\/\\\/stategridargentina.com.ar\\\/catalogo\\\/producto\\\/galletitas-cracker-cereal-clasicas-cerealitas-3-u-636-gr\\\/\",\"name\":\"Galletitas Cracker Cereal Cl\u00e1sicas Cerealitas 3 U - 636 Gr - STATE GRID ARGENTINA - Cat\u00e1logo\",\"isPartOf\":{\"@id\":\"https:\\\/\\\/stategridargentina.com.ar\\\/catalogo\\\/#website\"},\"primaryImageOfPage\":{\"@id\":\"https:\\\/\\\/stategridargentina.com.ar\\\/catalogo\\\/producto\\\/galletitas-cracker-cereal-clasicas-cerealitas-3-u-636-gr\\\/#primaryimage\"},\"image\":{\"@id\":\"https:\\\/\\\/stategridargentina.com.ar\\\/catalogo\\\/producto\\\/galletitas-cracker-cereal-clasicas-cerealitas-3-u-636-gr\\\/#primaryimage\"},\"thumbnailUrl\":\"https:\\\/\\\/stategridargentina.com.ar\\\/catalogo\\\/wp-content\\\/uploads\\\/2025\\\/03\\\/3-8.webp\",\"datePublished\":\"2025-03-28T12:06:49+00:00\",\"breadcrumb\":{\"@id\":\"https:\\\/\\\/stategridargentina.com.ar\\\/catalogo\\\/producto\\\/galletitas-cracker-cereal-clasicas-cerealitas-3-u-636-gr\\\/#breadcrumb\"},\"inLanguage\":\"es\",\"potentialAction\":[{\"@type\":\"ReadAction\",\"target\":[\"https:\\\/\\\/stategridargentina.com.ar\\\/catalogo\\\/producto\\\/galletitas-cracker-cereal-clasicas-cerealitas-3-u-636-gr\\\/\"]}]},{\"@type\":\"ImageObject\",\"inLanguage\":\"es\",\"@id\":\"https:\\\/\\\/stategridargentina.com.ar\\\/catalogo\\\/producto\\\/galletitas-cracker-cereal-clasicas-cerealitas-3-u-636-gr\\\/#primaryimage\",\"url\":\"https:\\\/\\\/stategridargentina.com.ar\\\/catalogo\\\/wp-content\\\/uploads\\\/2025\\\/03\\\/3-8.webp\",\"contentUrl\":\"https:\\\/\\\/stategridargentina.com.ar\\\/catalogo\\\/wp-content\\\/uploads\\\/2025\\\/03\\\/3-8.webp\",\"width\":1000,\"height\":1000,\"caption\":\"Galletitas Cracker Cereal Cl\u00e1sicas Cerealitas 3 U - 636 Gr\"},{\"@type\":\"BreadcrumbList\",\"@id\":\"https:\\\/\\\/stategridargentina.com.ar\\\/catalogo\\\/producto\\\/galletitas-cracker-cereal-clasicas-cerealitas-3-u-636-gr\\\/#breadcrumb\",\"itemListElement\":[{\"@type\":\"ListItem\",\"position\":1,\"name\":\"Portada\",\"item\":\"https:\\\/\\\/stategridargentina.com.ar\\\/catalogo\\\/\"},{\"@type\":\"ListItem\",\"position\":2,\"name\":\"Catalogo\",\"item\":\"https:\\\/\\\/stategridargentina.com.ar\\\/catalogo\\\/\"},{\"@type\":\"ListItem\",\"position\":3,\"name\":\"Galletitas Cracker Cereal Cl\u00e1sicas Cerealitas 3 U &#8211; 636 Gr\"}]},{\"@type\":\"WebSite\",\"@id\":\"https:\\\/\\\/stategridargentina.com.ar\\\/catalogo\\\/#website\",\"url\":\"https:\\\/\\\/stategridargentina.com.ar\\\/catalogo\\\/\",\"name\":\"STATE GRID Catalogo\",\"description\":\"\",\"potentialAction\":[{\"@type\":\"SearchAction\",\"target\":{\"@type\":\"EntryPoint\",\"urlTemplate\":\"https:\\\/\\\/stategridargentina.com.ar\\\/catalogo\\\/?s={search_term_string}\"},\"query-input\":{\"@type\":\"PropertyValueSpecification\",\"valueRequired\":true,\"valueName\":\"search_term_string\"}}],\"inLanguage\":\"es\"}]}<\/script>\n<!-- \/ Yoast SEO plugin. -->","yoast_head_json":{"title":"Galletitas Cracker Cereal Cl\u00e1sicas Cerealitas 3 U - 636 Gr - STATE GRID ARGENTINA - Cat\u00e1logo","robots":{"index":"index","follow":"follow","max-snippet":"max-snippet:-1","max-image-preview":"max-image-preview:large","max-video-preview":"max-video-preview:-1"},"canonical":"https:\/\/stategridargentina.com.ar\/catalogo\/producto\/galletitas-cracker-cereal-clasicas-cerealitas-3-u-636-gr\/","og_locale":"es_ES","og_type":"article","og_title":"Galletitas Cracker Cereal Cl\u00e1sicas Cerealitas 3 U - 636 Gr - STATE GRID ARGENTINA - Cat\u00e1logo","og_description":"Galletitas saladas tipo crackers de salvado Cerealitas Cl\u00e1sicas. Las galletitas saladas ideales para untar tipo tostadas de salvado, con lo que m\u00e1s te guste: queso, mermelada, dulce o alg\u00fan rico dip con lo que tengas en casa. Prob\u00e1 las recetas m\u00e1s divertidas con tus galletitas de salvado CEREALITAS y acompa\u00f1\u00e1 tus comidas con la dosis de fibra que tu cuerpo necesita. Las cl\u00e1sicas Cerealitas de Salvado en sus distintas presentaciones para que no falten en tu alacena.    Ingredientes Harina de trigo enriquecida, hierro, \u00e1cido f\u00f3lico, vitamina b1, vitamina b2, niacina, harina integral, aceite vegetal, jarabe de ma\u00edz de alta fructosa, sal, levadura, mejorador de la harina metabisulfito de sodio, derivados de trigo","og_url":"https:\/\/stategridargentina.com.ar\/catalogo\/producto\/galletitas-cracker-cereal-clasicas-cerealitas-3-u-636-gr\/","og_site_name":"STATE GRID ARGENTINA - Cat\u00e1logo","og_image":[{"width":1000,"height":1000,"url":"https:\/\/stategridargentina.com.ar\/catalogo\/wp-content\/uploads\/2025\/03\/3-8.webp","type":"image\/webp"}],"twitter_card":"summary_large_image","twitter_misc":{"Tiempo de lectura":"1 minuto"},"schema":{"@context":"https:\/\/schema.org","@graph":[{"@type":"WebPage","@id":"https:\/\/stategridargentina.com.ar\/catalogo\/producto\/galletitas-cracker-cereal-clasicas-cerealitas-3-u-636-gr\/","url":"https:\/\/stategridargentina.com.ar\/catalogo\/producto\/galletitas-cracker-cereal-clasicas-cerealitas-3-u-636-gr\/","name":"Galletitas Cracker Cereal Cl\u00e1sicas Cerealitas 3 U - 636 Gr - STATE GRID ARGENTINA - Cat\u00e1logo","isPartOf":{"@id":"https:\/\/stategridargentina.com.ar\/catalogo\/#website"},"primaryImageOfPage":{"@id":"https:\/\/stategridargentina.com.ar\/catalogo\/producto\/galletitas-cracker-cereal-clasicas-cerealitas-3-u-636-gr\/#primaryimage"},"image":{"@id":"https:\/\/stategridargentina.com.ar\/catalogo\/producto\/galletitas-cracker-cereal-clasicas-cerealitas-3-u-636-gr\/#primaryimage"},"thumbnailUrl":"https:\/\/stategridargentina.com.ar\/catalogo\/wp-content\/uploads\/2025\/03\/3-8.webp","datePublished":"2025-03-28T12:06:49+00:00","breadcrumb":{"@id":"https:\/\/stategridargentina.com.ar\/catalogo\/producto\/galletitas-cracker-cereal-clasicas-cerealitas-3-u-636-gr\/#breadcrumb"},"inLanguage":"es","potentialAction":[{"@type":"ReadAction","target":["https:\/\/stategridargentina.com.ar\/catalogo\/producto\/galletitas-cracker-cereal-clasicas-cerealitas-3-u-636-gr\/"]}]},{"@type":"ImageObject","inLanguage":"es","@id":"https:\/\/stategridargentina.com.ar\/catalogo\/producto\/galletitas-cracker-cereal-clasicas-cerealitas-3-u-636-gr\/#primaryimage","url":"https:\/\/stategridargentina.com.ar\/catalogo\/wp-content\/uploads\/2025\/03\/3-8.webp","contentUrl":"https:\/\/stategridargentina.com.ar\/catalogo\/wp-content\/uploads\/2025\/03\/3-8.webp","width":1000,"height":1000,"caption":"Galletitas Cracker Cereal Cl\u00e1sicas Cerealitas 3 U - 636 Gr"},{"@type":"BreadcrumbList","@id":"https:\/\/stategridargentina.com.ar\/catalogo\/producto\/galletitas-cracker-cereal-clasicas-cerealitas-3-u-636-gr\/#breadcrumb","itemListElement":[{"@type":"ListItem","position":1,"name":"Portada","item":"https:\/\/stategridargentina.com.ar\/catalogo\/"},{"@type":"ListItem","position":2,"name":"Catalogo","item":"https:\/\/stategridargentina.com.ar\/catalogo\/"},{"@type":"ListItem","position":3,"name":"Galletitas Cracker Cereal Cl\u00e1sicas Cerealitas 3 U &#8211; 636 Gr"}]},{"@type":"WebSite","@id":"https:\/\/stategridargentina.com.ar\/catalogo\/#website","url":"https:\/\/stategridargentina.com.ar\/catalogo\/","name":"STATE GRID Catalogo","description":"","potentialAction":[{"@type":"SearchAction","target":{"@type":"EntryPoint","urlTemplate":"https:\/\/stategridargentina.com.ar\/catalogo\/?s={search_term_string}"},"query-input":{"@type":"PropertyValueSpecification","valueRequired":true,"valueName":"search_term_string"}}],"inLanguage":"es"}]}},"_links":{"self":[{"href":"https:\/\/stategridargentina.com.ar\/catalogo\/wp-json\/wp\/v2\/product\/5822","targetHints":{"allow":["GET"]}}],"collection":[{"href":"https:\/\/stategridargentina.com.ar\/catalogo\/wp-json\/wp\/v2\/product"}],"about":[{"href":"https:\/\/stategridargentina.com.ar\/catalogo\/wp-json\/wp\/v2\/types\/product"}],"wp:featuredmedia":[{"embeddable":true,"href":"https:\/\/stategridargentina.com.ar\/catalogo\/wp-json\/wp\/v2\/media\/5800"}],"wp:attachment":[{"href":"https:\/\/stategridargentina.com.ar\/catalogo\/wp-json\/wp\/v2\/media?parent=5822"}],"wp:term":[{"taxonomy":"product_cat","embeddable":true,"href":"https:\/\/stategridargentina.com.ar\/catalogo\/wp-json\/wp\/v2\/product_cat?post=5822"},{"taxonomy":"product_tag","embeddable":true,"href":"https:\/\/stategridargentina.com.ar\/catalogo\/wp-json\/wp\/v2\/product_tag?post=5822"}],"curies":[{"name":"wp","href":"https:\/\/api.w.org\/{rel}","templated":true}]}}